{"id":219,"date":"2023-04-22T13:01:41","date_gmt":"2023-04-22T16:01:41","guid":{"rendered":"http:\/\/www.internationalfinanceconference.org\/ifc2023\/?page_id=219"},"modified":"2023-04-22T13:13:20","modified_gmt":"2023-04-22T16:13:20","slug":"novedades","status":"publish","type":"page","link":"https:\/\/www.internationalfinanceconference.com\/ifc2023\/novedades\/","title":{"rendered":"Novedades"},"content":{"rendered":"\t\t<div data-elementor-type=\"wp-page\" data-elementor-id=\"219\" class=\"elementor elementor-219\">\n\t\t\t\t\t\t\t\t\t<section class=\"elementor-section elementor-top-section elementor-element elementor-element-4aa8d8c elementor-section-boxed elementor-section-height-default elementor-section-height-default\" data-id=\"4aa8d8c\" data-element_type=\"section\">\n\t\t\t\t\t\t<div class=\"elementor-container elementor-column-gap-default\">\n\t\t\t\t\t<div class=\"elementor-column elementor-col-100 elementor-top-column elementor-element elementor-element-0e7c005\" data-id=\"0e7c005\" data-element_type=\"column\">\n\t\t\t<div class=\"elementor-widget-wrap elementor-element-populated\">\n\t\t\t\t\t\t\t\t<div class=\"elementor-element elementor-element-6718f0d elementor-widget elementor-widget-heading\" data-id=\"6718f0d\" data-element_type=\"widget\" data-widget_type=\"heading.default\">\n\t\t\t\t<div class=\"elementor-widget-container\">\n\t\t\t<style>\/*! elementor - v3.6.3 - 12-04-2022 *\/\n.elementor-heading-title{padding:0;margin:0;line-height:1}.elementor-widget-heading .elementor-heading-title[class*=elementor-size-]>a{color:inherit;font-size:inherit;line-height:inherit}.elementor-widget-heading .elementor-heading-title.elementor-size-small{font-size:15px}.elementor-widget-heading .elementor-heading-title.elementor-size-medium{font-size:19px}.elementor-widget-heading .elementor-heading-title.elementor-size-large{font-size:29px}.elementor-widget-heading .elementor-heading-title.elementor-size-xl{font-size:39px}.elementor-widget-heading .elementor-heading-title.elementor-size-xxl{font-size:59px}<\/style><h2 class=\"elementor-heading-title elementor-size-default\">Novedades<\/h2>\t\t<\/div>\n\t\t\t\t<\/div>\n\t\t\t\t<div class=\"elementor-element elementor-element-3bcc311 elementor-grid-2 elementor-posts--thumbnail-none elementor-grid-tablet-2 elementor-grid-mobile-1 elementor-card-shadow-yes elementor-posts__hover-gradient elementor-widget elementor-widget-posts\" data-id=\"3bcc311\" data-element_type=\"widget\" data-settings=\"{&quot;cards_columns&quot;:&quot;2&quot;,&quot;cards_row_gap&quot;:{&quot;unit&quot;:&quot;px&quot;,&quot;size&quot;:36,&quot;sizes&quot;:[]},&quot;pagination_type&quot;:&quot;load_more_infinite_scroll&quot;,&quot;cards_columns_tablet&quot;:&quot;2&quot;,&quot;cards_columns_mobile&quot;:&quot;1&quot;,&quot;cards_row_gap_tablet&quot;:{&quot;unit&quot;:&quot;px&quot;,&quot;size&quot;:&quot;&quot;,&quot;sizes&quot;:[]},&quot;cards_row_gap_mobile&quot;:{&quot;unit&quot;:&quot;px&quot;,&quot;size&quot;:&quot;&quot;,&quot;sizes&quot;:[]},&quot;load_more_spinner&quot;:{&quot;value&quot;:&quot;fas fa-spinner&quot;,&quot;library&quot;:&quot;fa-solid&quot;}}\" data-widget_type=\"posts.cards\">\n\t\t\t\t<div class=\"elementor-widget-container\">\n\t\t\t<link rel=\"stylesheet\" href=\"https:\/\/www.internationalfinanceconference.com\/ifc2023\/wp-content\/plugins\/elementor-pro\/assets\/css\/widget-posts.min.css\">\t\t<div class=\"elementor-posts-container elementor-posts elementor-posts--skin-cards elementor-grid\">\n\t\t\t\t<article class=\"elementor-post elementor-grid-item post-715 post type-post status-publish format-standard hentry category-sin-categoria\">\n\t\t\t<div class=\"elementor-post__card\">\n\t\t\t\t<div class=\"elementor-post__text\">\n\t\t\t\t<h3 class=\"elementor-post__title\">\n\t\t\t<a href=\"https:\/\/www.internationalfinanceconference.com\/ifc2023\/2023\/09\/22\/conferencia-inaugural-de-la-xxii-ifc-durango\/\" >\n\t\t\t\tConferencia inaugural de la XXII IFC Durango\t\t\t<\/a>\n\t\t<\/h3>\n\t\t\t\t<div class=\"elementor-post__excerpt\">\n\t\t\t<p>Te compartimos la transmisi\u00f3n de la conferencia inaugural con Jonathan Hilton Stahl Ducker, quien nos habl\u00f3 de la inclusi\u00f3n financiera vista desde el \u00e1mbito de<\/p>\n\t\t<\/div>\n\t\t\t\t\t<a class=\"elementor-post__read-more\" href=\"https:\/\/www.internationalfinanceconference.com\/ifc2023\/2023\/09\/22\/conferencia-inaugural-de-la-xxii-ifc-durango\/\" >\n\t\t\t\tLeer m\u00e1s \u00bb\t\t\t<\/a>\n\t\t\t\t<\/div>\n\t\t\t\t<div class=\"elementor-post__meta-data\">\n\t\t\t\t\t<span class=\"elementor-post-date\">\n\t\t\tseptiembre 22, 2023\t\t<\/span>\n\t\t\t\t<\/div>\n\t\t\t\t\t<\/div>\n\t\t<\/article>\n\t\t\t\t<article class=\"elementor-post elementor-grid-item post-527 post type-post status-publish format-standard hentry category-sin-categoria\">\n\t\t\t<div class=\"elementor-post__card\">\n\t\t\t\t<div class=\"elementor-post__text\">\n\t\t\t\t<h3 class=\"elementor-post__title\">\n\t\t\t<a href=\"https:\/\/www.internationalfinanceconference.com\/ifc2023\/2023\/07\/13\/main-speakers\/\" >\n\t\t\t\tConoce a nuestros speakers principales\t\t\t<\/a>\n\t\t<\/h3>\n\t\t\t\t<div class=\"elementor-post__excerpt\">\n\t\t\t<p>Ya tenemos confirmado el line up de los speakers principales del XXIII International Finance Conference 2023: Conectando finanzas y personas, el poder de humanizar los<\/p>\n\t\t<\/div>\n\t\t\t\t\t<a class=\"elementor-post__read-more\" href=\"https:\/\/www.internationalfinanceconference.com\/ifc2023\/2023\/07\/13\/main-speakers\/\" >\n\t\t\t\tLeer m\u00e1s \u00bb\t\t\t<\/a>\n\t\t\t\t<\/div>\n\t\t\t\t<div class=\"elementor-post__meta-data\">\n\t\t\t\t\t<span class=\"elementor-post-date\">\n\t\t\tjulio 13, 2023\t\t<\/span>\n\t\t\t\t<\/div>\n\t\t\t\t\t<\/div>\n\t\t<\/article>\n\t\t\t\t<article class=\"elementor-post elementor-grid-item post-369 post type-post status-publish format-standard hentry category-sin-categoria\">\n\t\t\t<div class=\"elementor-post__card\">\n\t\t\t\t<div class=\"elementor-post__text\">\n\t\t\t\t<h3 class=\"elementor-post__title\">\n\t\t\t<a href=\"https:\/\/www.internationalfinanceconference.com\/ifc2023\/2023\/06\/30\/nueva-fecha-para-presentar-resumen-extendido\/\" >\n\t\t\t\tNueva fecha para presentar resumen extendido\t\t\t<\/a>\n\t\t<\/h3>\n\t\t\t\t<div class=\"elementor-post__excerpt\">\n\t\t\t<p>La organizaci\u00f3n de la XXIII International Finance Conference &#8211; Durango 2023, han ampliado el plazo para la entrega de res\u00famenes extendidos hasta el pr\u00f3ximo 22&nbsp;de<\/p>\n\t\t<\/div>\n\t\t\t\t\t<a class=\"elementor-post__read-more\" href=\"https:\/\/www.internationalfinanceconference.com\/ifc2023\/2023\/06\/30\/nueva-fecha-para-presentar-resumen-extendido\/\" >\n\t\t\t\tLeer m\u00e1s \u00bb\t\t\t<\/a>\n\t\t\t\t<\/div>\n\t\t\t\t<div class=\"elementor-post__meta-data\">\n\t\t\t\t\t<span class=\"elementor-post-date\">\n\t\t\tjunio 30, 2023\t\t<\/span>\n\t\t\t\t<\/div>\n\t\t\t\t\t<\/div>\n\t\t<\/article>\n\t\t\t\t<article class=\"elementor-post elementor-grid-item post-307 post type-post status-publish format-standard hentry category-sin-categoria\">\n\t\t\t<div class=\"elementor-post__card\">\n\t\t\t\t<div class=\"elementor-post__text\">\n\t\t\t\t<h3 class=\"elementor-post__title\">\n\t\t\t<a href=\"https:\/\/www.internationalfinanceconference.com\/ifc2023\/2023\/06\/12\/leticia-tolosa-presidente-del-board-de-la-ifc-invita-a-la-edicion-2023-en-durango\/\" >\n\t\t\t\tLeticia Tolosa, Presidente del board de la IFC, invita a la edici\u00f3n 2023 en Durango\t\t\t<\/a>\n\t\t<\/h3>\n\t\t\t\t<div class=\"elementor-post__excerpt\">\n\t\t\t<p>La Presidenta de la International Finance Conference, Dra. Leticia Eva Tolosa, invita a toda la comunidad acad\u00e9mica a participar de la edici\u00f3n 2023 de la<\/p>\n\t\t<\/div>\n\t\t\t\t\t<a class=\"elementor-post__read-more\" href=\"https:\/\/www.internationalfinanceconference.com\/ifc2023\/2023\/06\/12\/leticia-tolosa-presidente-del-board-de-la-ifc-invita-a-la-edicion-2023-en-durango\/\" >\n\t\t\t\tLeer m\u00e1s \u00bb\t\t\t<\/a>\n\t\t\t\t<\/div>\n\t\t\t\t<div class=\"elementor-post__meta-data\">\n\t\t\t\t\t<span class=\"elementor-post-date\">\n\t\t\tjunio 12, 2023\t\t<\/span>\n\t\t\t\t<\/div>\n\t\t\t\t\t<\/div>\n\t\t<\/article>\n\t\t\t\t<article class=\"elementor-post elementor-grid-item post-179 post type-post status-publish format-standard hentry category-novedades\">\n\t\t\t<div class=\"elementor-post__card\">\n\t\t\t\t<div class=\"elementor-post__text\">\n\t\t\t\t<h3 class=\"elementor-post__title\">\n\t\t\t<a href=\"https:\/\/www.internationalfinanceconference.com\/ifc2023\/2023\/04\/21\/elementor-179\/\" >\n\t\t\t\tPerspectivas para 2023: de la inflaci\u00f3n al crecimiento\t\t\t<\/a>\n\t\t<\/h3>\n\t\t\t\t<div class=\"elementor-post__excerpt\">\n\t\t\t<p>Reviv\u00ed la presentaci\u00f3n de la XXIII de la International Finance Conference, y la conferencia realizada por Alejandra Marcos Iza: &#8220;Perspectivas para 2023: de la inflaci\u00f3n<\/p>\n\t\t<\/div>\n\t\t\t\t\t<a class=\"elementor-post__read-more\" href=\"https:\/\/www.internationalfinanceconference.com\/ifc2023\/2023\/04\/21\/elementor-179\/\" >\n\t\t\t\tLeer m\u00e1s \u00bb\t\t\t<\/a>\n\t\t\t\t<\/div>\n\t\t\t\t<div class=\"elementor-post__meta-data\">\n\t\t\t\t\t<span class=\"elementor-post-date\">\n\t\t\tabril 21, 2023\t\t<\/span>\n\t\t\t\t<\/div>\n\t\t\t\t\t<\/div>\n\t\t<\/article>\n\t\t\t\t<article class=\"elementor-post elementor-grid-item post-134 post type-post status-publish format-standard hentry category-novedades tag-novedades\">\n\t\t\t<div class=\"elementor-post__card\">\n\t\t\t\t<div class=\"elementor-post__text\">\n\t\t\t\t<h3 class=\"elementor-post__title\">\n\t\t\t<a href=\"https:\/\/www.internationalfinanceconference.com\/ifc2023\/2023\/03\/31\/conferencia-lanzamiento\/\" >\n\t\t\t\tConferencia de lanzamiento IFC 2023\t\t\t<\/a>\n\t\t<\/h3>\n\t\t\t\t<div class=\"elementor-post__excerpt\">\n\t\t\t<p>El viernes 31 de marzo se llevar\u00e1 a cabo la conferencia de lanzamiento de la XXIII International Finance Conference, con la participaci\u00f3n especial de Alejandra<\/p>\n\t\t<\/div>\n\t\t\t\t\t<a class=\"elementor-post__read-more\" href=\"https:\/\/www.internationalfinanceconference.com\/ifc2023\/2023\/03\/31\/conferencia-lanzamiento\/\" >\n\t\t\t\tLeer m\u00e1s \u00bb\t\t\t<\/a>\n\t\t\t\t<\/div>\n\t\t\t\t<div class=\"elementor-post__meta-data\">\n\t\t\t\t\t<span class=\"elementor-post-date\">\n\t\t\tmarzo 31, 2023\t\t<\/span>\n\t\t\t\t<\/div>\n\t\t\t\t\t<\/div>\n\t\t<\/article>\n\t\t\t\t<\/div>\n\n\n\t\t\t\t\t<span class=\"e-load-more-spinner\">\n\t\t\t\t<i aria-hidden=\"true\" class=\"fas fa-spinner\"><\/i>\t\t\t<\/span>\n\t\t\n\t\t\t\t<\/div>\n\t\t\t\t<\/div>\n\t\t\t\t\t<\/div>\n\t\t<\/div>\n\t\t\t\t\t\t\t<\/div>\n\t\t<\/section>\n\t\t\t\t\t\t\t<\/div>\n\t\t","protected":false},"excerpt":{"rendered":"<p>Novedades<\/p>\n","protected":false},"author":5,"featured_media":0,"parent":0,"menu_order":0,"comment_status":"closed","ping_status":"closed","template":"elementor_header_footer","meta":[],"_links":{"self":[{"href":"https:\/\/www.internationalfinanceconference.com\/ifc2023\/wp-json\/wp\/v2\/pages\/219"}],"collection":[{"href":"https:\/\/www.internationalfinanceconference.com\/ifc2023\/wp-json\/wp\/v2\/pages"}],"about":[{"href":"https:\/\/www.internationalfinanceconference.com\/ifc2023\/wp-json\/wp\/v2\/types\/page"}],"author":[{"embeddable":true,"href":"https:\/\/www.internationalfinanceconference.com\/ifc2023\/wp-json\/wp\/v2\/users\/5"}],"replies":[{"embeddable":true,"href":"https:\/\/www.internationalfinanceconference.com\/ifc2023\/wp-json\/wp\/v2\/comments?post=219"}],"version-history":[{"count":4,"href":"https:\/\/www.internationalfinanceconference.com\/ifc2023\/wp-json\/wp\/v2\/pages\/219\/revisions"}],"predecessor-version":[{"id":224,"href":"https:\/\/www.internationalfinanceconference.com\/ifc2023\/wp-json\/wp\/v2\/pages\/219\/revisions\/224"}],"wp:attachment":[{"href":"https:\/\/www.internationalfinanceconference.com\/ifc2023\/wp-json\/wp\/v2\/media?parent=219"}],"curies":[{"name":"wp","href":"https:\/\/api.w.org\/{rel}","templated":true}]}}

<div data-elementor-type="wp-page" data-elementor-id="219" class="elementor elementor-219">
									<section class="elementor-section elementor-top-section elementor-element elementor-element-4aa8d8c elementor-section-boxed elementor-section-height-default elementor-section-height-default" data-id="4aa8d8c" data-element_type="section">
						<div class="elementor-container elementor-column-gap-default">
					<div class="elementor-column elementor-col-100 elementor-top-column elementor-element elementor-element-0e7c005" data-id="0e7c005" data-element_type="column">
			<div class="elementor-widget-wrap elementor-element-populated">
								<div class="elementor-element elementor-element-6718f0d elementor-widget elementor-widget-heading" data-id="6718f0d" data-element_type="widget" data-widget_type="heading.default">
				<div class="elementor-widget-container">
			<style>/*! elementor - v3.6.3 - 12-04-2022 */
.elementor-heading-title{padding:0;margin:0;line-height:1}.elementor-widget-heading .elementor-heading-title[class*=elementor-size-]>a{color:inherit;font-size:inherit;line-height:inherit}.elementor-widget-heading .elementor-heading-title.elementor-size-small{font-size:15px}.elementor-widget-heading .elementor-heading-title.elementor-size-medium{font-size:19px}.elementor-widget-heading .elementor-heading-title.elementor-size-large{font-size:29px}.elementor-widget-heading .elementor-heading-title.elementor-size-xl{font-size:39px}.elementor-widget-heading .elementor-heading-title.elementor-size-xxl{font-size:59px}</style><h2 class="elementor-heading-title elementor-size-default">Novedades</h2>		</div>
				</div>
				<div class="elementor-element elementor-element-3bcc311 elementor-grid-2 elementor-posts--thumbnail-none elementor-grid-tablet-2 elementor-grid-mobile-1 elementor-card-shadow-yes elementor-posts__hover-gradient elementor-widget elementor-widget-posts" data-id="3bcc311" data-element_type="widget" data-settings="{&quot;cards_columns&quot;:&quot;2&quot;,&quot;cards_row_gap&quot;:{&quot;unit&quot;:&quot;px&quot;,&quot;size&quot;:36,&quot;sizes&quot;:[]},&quot;pagination_type&quot;:&quot;load_more_infinite_scroll&quot;,&quot;cards_columns_tablet&quot;:&quot;2&quot;,&quot;cards_columns_mobile&quot;:&quot;1&quot;,&quot;cards_row_gap_tablet&quot;:{&quot;unit&quot;:&quot;px&quot;,&quot;size&quot;:&quot;&quot;,&quot;sizes&quot;:[]},&quot;cards_row_gap_mobile&quot;:{&quot;unit&quot;:&quot;px&quot;,&quot;size&quot;:&quot;&quot;,&quot;sizes&quot;:[]},&quot;load_more_spinner&quot;:{&quot;value&quot;:&quot;fas fa-spinner&quot;,&quot;library&quot;:&quot;fa-solid&quot;}}" data-widget_type="posts.cards">
				<div class="elementor-widget-container">
			<link rel="stylesheet" href="https://www.internationalfinanceconference.com/ifc2023/wp-content/plugins/elementor-pro/assets/css/widget-posts.min.css">		<div class="elementor-posts-container elementor-posts elementor-posts--skin-cards elementor-grid">
				<article class="elementor-post elementor-grid-item post-715 post type-post status-publish format-standard hentry category-sin-categoria">
			<div class="elementor-post__card">
				<div class="elementor-post__text">
				<h3 class="elementor-post__title">
			<a href="https://www.internationalfinanceconference.com/ifc2023/2023/09/22/conferencia-inaugural-de-la-xxii-ifc-durango/" >
				Conferencia inaugural de la XXII IFC Durango			</a>
		</h3>
				<div class="elementor-post__excerpt">
			<p>Te compartimos la transmisión de la conferencia inaugural con Jonathan Hilton Stahl Ducker, quien nos habló de la inclusión financiera vista desde el ámbito de</p>
		</div>
					<a class="elementor-post__read-more" href="https://www.internationalfinanceconference.com/ifc2023/2023/09/22/conferencia-inaugural-de-la-xxii-ifc-durango/" >
				Leer más »			</a>
				</div>
				<div class="elementor-post__meta-data">
					<span class="elementor-post-date">
			septiembre 22, 2023		</span>
				</div>
					</div>
		</article>
				<article class="elementor-post elementor-grid-item post-527 post type-post status-publish format-standard hentry category-sin-categoria">
			<div class="elementor-post__card">
				<div class="elementor-post__text">
				<h3 class="elementor-post__title">
			<a href="https://www.internationalfinanceconference.com/ifc2023/2023/07/13/main-speakers/" >
				Conoce a nuestros speakers principales			</a>
		</h3>
				<div class="elementor-post__excerpt">
			<p>Ya tenemos confirmado el line up de los speakers principales del XXIII International Finance Conference 2023: Conectando finanzas y personas, el poder de humanizar los</p>
		</div>
					<a class="elementor-post__read-more" href="https://www.internationalfinanceconference.com/ifc2023/2023/07/13/main-speakers/" >
				Leer más »			</a>
				</div>
				<div class="elementor-post__meta-data">
					<span class="elementor-post-date">
			julio 13, 2023		</span>
				</div>
					</div>
		</article>
				<article class="elementor-post elementor-grid-item post-369 post type-post status-publish format-standard hentry category-sin-categoria">
			<div class="elementor-post__card">
				<div class="elementor-post__text">
				<h3 class="elementor-post__title">
			<a href="https://www.internationalfinanceconference.com/ifc2023/2023/06/30/nueva-fecha-para-presentar-resumen-extendido/" >
				Nueva fecha para presentar resumen extendido			</a>
		</h3>
				<div class="elementor-post__excerpt">
			<p>La organización de la XXIII International Finance Conference &#8211; Durango 2023, han ampliado el plazo para la entrega de resúmenes extendidos hasta el próximo 22&nbsp;de</p>
		</div>
					<a class="elementor-post__read-more" href="https://www.internationalfinanceconference.com/ifc2023/2023/06/30/nueva-fecha-para-presentar-resumen-extendido/" >
				Leer más »			</a>
				</div>
				<div class="elementor-post__meta-data">
					<span class="elementor-post-date">
			junio 30, 2023		</span>
				</div>
					</div>
		</article>
				<article class="elementor-post elementor-grid-item post-307 post type-post status-publish format-standard hentry category-sin-categoria">
			<div class="elementor-post__card">
				<div class="elementor-post__text">
				<h3 class="elementor-post__title">
			<a href="https://www.internationalfinanceconference.com/ifc2023/2023/06/12/leticia-tolosa-presidente-del-board-de-la-ifc-invita-a-la-edicion-2023-en-durango/" >
				Leticia Tolosa, Presidente del board de la IFC, invita a la edición 2023 en Durango			</a>
		</h3>
				<div class="elementor-post__excerpt">
			<p>La Presidenta de la International Finance Conference, Dra. Leticia Eva Tolosa, invita a toda la comunidad académica a participar de la edición 2023 de la</p>
		</div>
					<a class="elementor-post__read-more" href="https://www.internationalfinanceconference.com/ifc2023/2023/06/12/leticia-tolosa-presidente-del-board-de-la-ifc-invita-a-la-edicion-2023-en-durango/" >
				Leer más »			</a>
				</div>
				<div class="elementor-post__meta-data">
					<span class="elementor-post-date">
			junio 12, 2023		</span>
				</div>
					</div>
		</article>
				<article class="elementor-post elementor-grid-item post-179 post type-post status-publish format-standard hentry category-novedades">
			<div class="elementor-post__card">
				<div class="elementor-post__text">
				<h3 class="elementor-post__title">
			<a href="https://www.internationalfinanceconference.com/ifc2023/2023/04/21/elementor-179/" >
				Perspectivas para 2023: de la inflación al crecimiento			</a>
		</h3>
				<div class="elementor-post__excerpt">
			<p>Reviví la presentación de la XXIII de la International Finance Conference, y la conferencia realizada por Alejandra Marcos Iza: &#8220;Perspectivas para 2023: de la inflación</p>
		</div>
					<a class="elementor-post__read-more" href="https://www.internationalfinanceconference.com/ifc2023/2023/04/21/elementor-179/" >
				Leer más »			</a>
				</div>
				<div class="elementor-post__meta-data">
					<span class="elementor-post-date">
			abril 21, 2023		</span>
				</div>
					</div>
		</article>
				<article class="elementor-post elementor-grid-item post-134 post type-post status-publish format-standard hentry category-novedades tag-novedades">
			<div class="elementor-post__card">
				<div class="elementor-post__text">
				<h3 class="elementor-post__title">
			<a href="https://www.internationalfinanceconference.com/ifc2023/2023/03/31/conferencia-lanzamiento/" >
				Conferencia de lanzamiento IFC 2023			</a>
		</h3>
				<div class="elementor-post__excerpt">
			<p>El viernes 31 de marzo se llevará a cabo la conferencia de lanzamiento de la XXIII International Finance Conference, con la participación especial de Alejandra</p>
		</div>
					<a class="elementor-post__read-more" href="https://www.internationalfinanceconference.com/ifc2023/2023/03/31/conferencia-lanzamiento/" >
				Leer más »			</a>
				</div>
				<div class="elementor-post__meta-data">
					<span class="elementor-post-date">
			marzo 31, 2023		</span>
				</div>
					</div>
		</article>
				</div>


					<span class="e-load-more-spinner">
				<i aria-hidden="true" class="fas fa-spinner"></i>			</span>
		
				</div>
				</div>
					</div>
		</div>
							</div>
		</section>
							</div>
