{"id":978,"date":"2022-08-25T16:52:08","date_gmt":"2022-08-25T19:52:08","guid":{"rendered":"http:\/\/www.internationalfinanceconference.org\/ifc2022\/?page_id=978"},"modified":"2022-09-22T15:39:03","modified_gmt":"2022-09-22T18:39:03","slug":"programacion","status":"publish","type":"page","link":"https:\/\/www.internationalfinanceconference.com\/ifc2022\/programacion\/","title":{"rendered":"PROGRAMACI\u00d3N"},"content":{"rendered":"\t\t<div data-elementor-type=\"wp-page\" data-elementor-id=\"978\" class=\"elementor elementor-978\">\n\t\t\t\t\t\t\t\t\t<section class=\"elementor-section elementor-top-section elementor-element elementor-element-5674697 elementor-section-boxed elementor-section-height-default elementor-section-height-default\" data-id=\"5674697\" data-element_type=\"section\">\n\t\t\t\t\t\t<div class=\"elementor-container elementor-column-gap-default\">\n\t\t\t\t\t<div class=\"elementor-column elementor-col-100 elementor-top-column elementor-element elementor-element-aa47db7\" data-id=\"aa47db7\" data-element_type=\"column\">\n\t\t\t<div class=\"elementor-widget-wrap elementor-element-populated\">\n\t\t\t\t\t\t\t\t<div class=\"elementor-element elementor-element-fbec80f elementor-widget elementor-widget-text-editor\" data-id=\"fbec80f\" data-element_type=\"widget\" data-widget_type=\"text-editor.default\">\n\t\t\t\t<div class=\"elementor-widget-container\">\n\t\t\t<style>\/*! elementor - v3.6.3 - 12-04-2022 *\/\n.elementor-widget-text-editor.elementor-drop-cap-view-stacked .elementor-drop-cap{background-color:#818a91;color:#fff}.elementor-widget-text-editor.elementor-drop-cap-view-framed .elementor-drop-cap{color:#818a91;border:3px solid;background-color:transparent}.elementor-widget-text-editor:not(.elementor-drop-cap-view-default) .elementor-drop-cap{margin-top:8px}.elementor-widget-text-editor:not(.elementor-drop-cap-view-default) .elementor-drop-cap-letter{width:1em;height:1em}.elementor-widget-text-editor .elementor-drop-cap{float:left;text-align:center;line-height:1;font-size:50px}.elementor-widget-text-editor .elementor-drop-cap-letter{display:inline-block}<\/style>\t\t\t\t<table style=\"width: 1347px\" border=\"0\" cellspacing=\"0\" cellpadding=\"0\" align=\"center\">\n<tbody>\n<tr>\n<td colspan=\"3\"><img src=\"http:\/\/www.internationalfinanceconference.com\/ifc2022\/wp-content\/uploads\/11\/2022\/09\/Programa_p1-1.png\" alt=\"\" width=\"1347\" height=\"618\" border=\"1\" \/><\/td>\n<\/tr>\n<tr>\n<td style=\"text-align: center;width: 206px\"><span style=\"color: #ffffff\">xxx<\/span><\/td>\n<td style=\"background-color: #ddebf7;text-align: center;width: 429px\"><strong><span style=\"font-size: 14px\"><span style=\"font-family: Trebuchet MS,Helvetica,sans-serif\">Transmisi\u00f3n web Bienvenida y Conferencia\n(hacer click en enlace)<\/span><\/span><\/strong><\/td>\n<td><span style=\"font-size: 14px\"><span style=\"font-family: Trebuchet MS,Helvetica,sans-serif\"><a href=\"https:\/\/javerianacali-edu-co.zoom.us\/j\/88262310016\" target=\"_blank\" rel=\"noopener\">https:\/\/javerianacali-edu-co.zoom.us\/j\/88262310016<\/a>\nID de reuni\u00f3n: 882 6231 0016\nC\u00f3digo de acceso: 271005<\/span><\/span><\/td>\n<\/tr>\n<tr>\n<td colspan=\"3\"><img src=\"http:\/\/www.internationalfinanceconference.com\/ifc2022\/wp-content\/uploads\/11\/2022\/09\/Programa_p2-1.png\" alt=\"\" width=\"1347\" border=\"1\" height=\"844\" \/><\/td>\n<\/tr>\n<tr>\n<td style=\"text-align: center;width: 206px\"><span style=\"color: #ffffff\">xxx<\/span><\/td>\n<td style=\"background-color: #ddebf7;text-align: center;width: 429px\"><span style=\"font-size: 14px\"><span style=\"font-family: Trebuchet MS,Helvetica,sans-serif\"><strong>Transmisi\u00f3n web plenaria 1\n(hacer click en enlace)<\/strong><\/span><\/span><\/td>\n<td style=\"background-color: #ddebf7\"><span style=\"font-size: 14px\"><span style=\"font-family: Trebuchet MS,Helvetica,sans-serif\"><a href=\"https:\/\/javerianacali-edu-co.zoom.us\/j\/81737737166\" target=\"_blank\" rel=\"noopener\">https:\/\/javerianacali-edu-co.zoom.us\/j\/81737737166<\/a>\nID de reuni\u00f3n: 817 3773 7166\nC\u00f3digo de acceso: 796434<\/span><\/span><\/td>\n<\/tr>\n<tr>\n<td style=\"text-align: center;width: 206px\" colspan=\"3\"><img class=\"alignnone size-full wp-image-1123\" src=\"http:\/\/www.internationalfinanceconference.com\/ifc2022\/wp-content\/uploads\/11\/2022\/09\/Programa_p3_.png\" alt=\"\" width=\"1347\" border=\"1\" height=\"1730\" srcset=\"https:\/\/www.internationalfinanceconference.com\/ifc2022\/wp-content\/uploads\/11\/2022\/09\/Programa_p3_-234x300.png 234w, https:\/\/www.internationalfinanceconference.com\/ifc2022\/wp-content\/uploads\/11\/2022\/09\/Programa_p3_-768x986.png 768w, https:\/\/www.internationalfinanceconference.com\/ifc2022\/wp-content\/uploads\/11\/2022\/09\/Programa_p3_-797x1024.png 797w, https:\/\/www.internationalfinanceconference.com\/ifc2022\/wp-content\/uploads\/11\/2022\/09\/Programa_p3_-1196x1536.png 1196w, https:\/\/www.internationalfinanceconference.com\/ifc2022\/wp-content\/uploads\/11\/2022\/09\/Programa_p3_.png 1347w\" sizes=\"(max-width: 1347px) 100vw, 1347px\" \/><\/td>\n<\/tr>\n<tr>\n<td style=\"text-align: center;width: 206px\"><span style=\"color: #ffffff\">xxx<\/span><\/td>\n<td style=\"background-color: #ddebf7;text-align: center\"><strong><span style=\"font-family: Trebuchet MS,Helvetica,sans-serif\"><span style=\"font-size: 14px\">Transmisi\u00f3n web plenaria 2\n(hacer click en enlace)<\/span><\/span><\/strong><\/td>\n<td style=\"background-color: #ddebf7\"><a href=\"https:\/\/javerianacali-edu-co.zoom.us\/j\/82911052594\" target=\"_blank\" rel=\"noopener\">https:\/\/javerianacali-edu-co.zoom.us\/j\/82911052594<\/a>\nID de reuni\u00f3n: 829 1105 2594\nC\u00f3digo de acceso: 717865<\/td>\n<\/tr>\n<tr>\n<td style=\"text-align: center;width: 206px\" colspan=\"3\"><img class=\"alignnone size-full wp-image-1119\" src=\"http:\/\/www.internationalfinanceconference.com\/ifc2022\/wp-content\/uploads\/11\/2022\/09\/Programa_p4_.png\" alt=\"\" width=\"1347\" border=\"1\" height=\"914\" srcset=\"https:\/\/www.internationalfinanceconference.com\/ifc2022\/wp-content\/uploads\/11\/2022\/09\/Programa_p4_-300x204.png 300w, https:\/\/www.internationalfinanceconference.com\/ifc2022\/wp-content\/uploads\/11\/2022\/09\/Programa_p4_-768x521.png 768w, https:\/\/www.internationalfinanceconference.com\/ifc2022\/wp-content\/uploads\/11\/2022\/09\/Programa_p4_-1024x695.png 1024w, https:\/\/www.internationalfinanceconference.com\/ifc2022\/wp-content\/uploads\/11\/2022\/09\/Programa_p4_.png 1347w\" sizes=\"(max-width: 1347px) 100vw, 1347px\" \/><\/td>\n<\/tr>\n<tr>\n<td style=\"text-align: center;width: 206px\"><span style=\"color: #ffffff\">xxx<\/span><\/td>\n<td style=\"background-color: #ddebf7;text-align: center;width: 429px\"><strong><span style=\"font-size: 14px\"><span style=\"font-family: Trebuchet MS,Helvetica,sans-serif\">Transmisi\u00f3n web clausura\n(hacer click en enlace)<\/span><\/span><\/strong><\/td>\n<td style=\"background-color: #ddebf7\"><span style=\"font-size: 14px\"><span style=\"font-family: Trebuchet MS,Helvetica,sans-serif\"><a href=\"https:\/\/javerianacali-edu-co.zoom.us\/j\/83605936521\" target=\"_blank\" rel=\"noopener\">https:\/\/javerianacali-edu-co.zoom.us\/j\/83605936521<\/a>\nID de reuni\u00f3n: 836 0593 6521\nC\u00f3digo de acceso: 736843<\/span><\/span><\/td>\n<\/tr>\n<tr>\n<td style=\"text-align: center;width: 206px\" colspan=\"3\"><img src=\"http:\/\/www.internationalfinanceconference.com\/ifc2022\/wp-content\/uploads\/11\/2022\/09\/Programa_p5.png\" alt=\"\" width=\"1347\" border=\"1\" height=\"284\" \/><\/td>\n<\/tr>\n<\/tbody>\n<\/table>\t\t\t\t\t\t<\/div>\n\t\t\t\t<\/div>\n\t\t\t\t\t<\/div>\n\t\t<\/div>\n\t\t\t\t\t\t\t<\/div>\n\t\t<\/section>\n\t\t\t\t\t\t\t<\/div>\n\t\t","protected":false},"excerpt":{"rendered":"<p>xxx Transmisi\u00f3n web Bienvenida y Conferencia (hacer click en enlace) https:\/\/javerianacali-edu-co.zoom.us\/j\/88262310016 ID de reuni\u00f3n: 882 6231 0016 C\u00f3digo de acceso: 271005 xxx Transmisi\u00f3n web plenaria 1 (hacer click en enlace) https:\/\/javerianacali-edu-co.zoom.us\/j\/81737737166 ID de reuni\u00f3n: 817 3773 7166 C\u00f3digo de acceso: 796434 xxx Transmisi\u00f3n web plenaria 2 (hacer click en enlace) https:\/\/javerianacali-edu-co.zoom.us\/j\/82911052594 ID de reuni\u00f3n: 829&hellip; <a class=\"more-link\" href=\"https:\/\/www.internationalfinanceconference.com\/ifc2022\/programacion\/\">Segu\u00ed leyendo <span class=\"screen-reader-text\">PROGRAMACI\u00d3N<\/span><\/a><\/p>\n","protected":false},"author":10,"featured_media":0,"parent":0,"menu_order":0,"comment_status":"closed","ping_status":"closed","template":"elementor_canvas","meta":[],"_links":{"self":[{"href":"https:\/\/www.internationalfinanceconference.com\/ifc2022\/wp-json\/wp\/v2\/pages\/978"}],"collection":[{"href":"https:\/\/www.internationalfinanceconference.com\/ifc2022\/wp-json\/wp\/v2\/pages"}],"about":[{"href":"https:\/\/www.internationalfinanceconference.com\/ifc2022\/wp-json\/wp\/v2\/types\/page"}],"author":[{"embeddable":true,"href":"https:\/\/www.internationalfinanceconference.com\/ifc2022\/wp-json\/wp\/v2\/users\/10"}],"replies":[{"embeddable":true,"href":"https:\/\/www.internationalfinanceconference.com\/ifc2022\/wp-json\/wp\/v2\/comments?post=978"}],"version-history":[{"count":107,"href":"https:\/\/www.internationalfinanceconference.com\/ifc2022\/wp-json\/wp\/v2\/pages\/978\/revisions"}],"predecessor-version":[{"id":1132,"href":"https:\/\/www.internationalfinanceconference.com\/ifc2022\/wp-json\/wp\/v2\/pages\/978\/revisions\/1132"}],"wp:attachment":[{"href":"https:\/\/www.internationalfinanceconference.com\/ifc2022\/wp-json\/wp\/v2\/media?parent=978"}],"curies":[{"name":"wp","href":"https:\/\/api.w.org\/{rel}","templated":true}]}}